me?
False
Suppose o = -2*o + 24. Suppose 0 = o*a - 4*a. Suppose a = 3*f + 2*f - 175. Is f prime?
False
Let o = 344 - 241. Suppose 0 = x + 41 + 25. Let i = o + x. Is i prime?
True
Let i(t) = t**2 - 4*t + 3. Suppose -6*u + 3*u = 0. Suppose 4 = j - u. Is i(j) prime?
True
Let v be ((-46)/(-5))/((-1)/(-15)). Let p = v - 23. Is p prime?
False
Is (-46)/69 + 2/(6/311) prime?
True
Suppose 5*j + 2 = -3. Let u(l) = 2*l**2 + 1 - 7*l**2 - 24*l**3 + 2*l**2 + l**2. Is u(j) a composite number?
False
Let h(q) = -q**2 + 6*q - 3. Let i be h(5). Suppose -k + i*k = 79. Is k composite?
False
Suppose -2*r = -5 - 5. Let o be 28*2 - (0 + 1). Suppose r*h + o = 180. Is h a composite number?
True
Is ((-4)/(-6))/(4/498) a prime number?
True
Let n = -9 - -15. Let g(l) = 5*l - 4. Is g(n) a prime number?
False
Suppose h = 3*r + 15, 3*h = 7*h - 5*r - 67. Let d be 3 + 2/4*h. Is (-1)/4 + 375/d prime?
True
Let p(g) = 4*g**2 + 12*g + 3. Is p(-17) prime?
False
Let o = 3581 + -2554. Is o a composite number?
True
Suppose -3*d = 305 - 1841. Suppose -5*j + 83 = -d. Is j composite?
True
Let o(c) = -6*c**3 + 1. Let b be o(-1). Let h(z) = 8*z**2 + 4 - z + z**2 - z**3 + b*z. Is h(9) prime?
False
Suppose 7 = 4*f + 3. Let s = 26 - f. Is s prime?
False
Let i = -955 + 1458. Is i prime?
True
Let w(h) = -75*h - 4. Is w(-3) a prime number?
False
Let m(c) = c**3 + 14*c**2 + 2*c - 15. Is m(-11) composite?
True
Suppose -5*x - j = -x - 1003, 4*j + 506 = 2*x. Is x composite?
False
Is (-64)/(-3) - 2/6 a composite number?
True
Is (-44)/(-6)*(-2478)/(-28) prime?
False
Is -2*(-3 - (-243)/(-6)) composite?
True
Suppose -2 = b - 2*b - 2*k, 0 = -b + 5*k - 26. Let l(v) = v**2 + 8*v + 3. Let d be l(b). Is (-24)/d + 1/3 prime?
True
Let p(a) be the third derivative of 1/10*a**5 - 1/6*a**3 + 0*a + 0 - a**2 - 1/24*a**4. Is p(-2) a composite number?
True
Let n(t) be the first derivative of 29*t**3/3 + 2*t**2 - 3*t + 6. Is n(-4) prime?
False
Let x = 1047 - 636. Is x a composite number?
True
Let q = -574 + 861. Is q a composite number?
True
Let c(j) = 9*j**2 - 7*j - 15. Is c(7) a prime number?
False
Let b = 64 + -157. Let o = -53 - b. Suppose -3*v + 2*q = -117, 0*q + q = v - o. Is v a prime number?
True
Suppose -6*v + 228 = -0*v. Is v a composite number?
True
Let b(g) = -74*g - 19. Is b(-10) a prime number?
False
Let y(z) = -3*z**3 + 15*z**2 + z - 14. Let t(c) = -c**3 + 7*c**2 - 7. Let p(n) = 5*t(n) - 2*y(n). Let s be p(-5). Suppose 149 = s*r + 8. Is r prime?
True
Let v(y) be the second derivative of -y**8/672 - y**6/720 + y**4/12 + 2*y. Let w(j) be the third derivative of v(j). Is w(-1) composite?
False
Let o = -6 - -9. Suppose -3*j - 2*j + 295 = 5*u, 5*j = o*u - 145. Suppose -4*c + u = -3*c. Is c prime?
False
Let m = 2923 - 1440. Is m composite?
False
Let u be ((-14)/(-35))/((-2)/(-10)). Suppose -q = -u*p - p + 1, 5*q + 3*p = 31. Suppose -q*x + 575 = -0*x. Is x composite?
True
Let y = 74 + -51. Is y prime?
True
Suppose 480 + 287 = 2*q - u, 0 = 4*q + 2*u - 1530. Is q prime?
True
Suppose 3*u - 974 = -32. Is u a composite number?
True
Let j(g) be the third derivative of g**4/8 - 5*g**3/6 - 3*g**2. Is j(8) prime?
True
Suppose -4*d + 304 = -1092. Suppose -4*j + d = -7. Is j a composite number?
False
Suppose -5*n = -3*r + 210, -2*n + 36 = 3*r - 153. Suppose 0*c = -c + r. Is c composite?
True
Suppose -4*y + 0 = -8. Suppose n = y - 0. Suppose -a - 2*l + 7 = -0*a, 4*l + 46 = n*a. Is a composite?
True
Suppose 0 = -2*i - 0*i + 5*j - 7, -3*i - 27 = -2*j. Let t(n) = n**2 - 6*n - 6. Is t(i) a composite number?
False
Suppose -2*f = -1 - 3. Let x(b) = 14*b**2 - 2*b + 1. Is x(f) prime?
True
Let u = 4 - 2. Suppose -6 = -u*m + 4. Suppose 0 = -m*v + v + 220. Is v a prime number?
False
Let v(u) = -u**3 - u + 1. Let f(a) = -73*a**3 - a**2 - 5*a + 5. Let r(i) = f(i) - 5*v(i). Is r(-1) a prime number?
True
Suppose 3 = n + 2*n, 2781 = q + 4*n. Is q composite?
False
Let a = 2 + -1. Suppose -2*m = 13 + a. Let c(y) = -y**3 - 5*y**2 + 9*y - 10. Is c(m) a composite number?
True
Suppose 4*a + q = -18, -4 = -q - 2. Let r(f) be the first derivative of -f**4/4 - 4*f**3/3 + f**2/2 - f + 1. Is r(a) prime?
True
Let o(m) be the first derivative of -m**4/4 - 5*m**3/3 + m**2 - 2*m - 3. Let s(k) = k**2 - 5*k - 2. Let a be s(4). Is o(a) a composite number?
True
Let m = 16 - -239. Suppose -3*p - o - 52 = -m, -128 = -2*p + 3*o. Is p a composite number?
False
Let i(d) = 3*d**2 - 12*d + 10. Is i(9) a composite number?
True
Suppose 0 = 5*p - 5, 2*d + 3*d = -4*p + 779. Suppose 2*g - 7*g - 280 = 0. Let o = d - g. Is o a prime number?
True
Suppose 5*v - v = 8. Let k = 4 - v. Is 2 - 2 - k - -24 prime?
False
Suppose 3*s - q = 2267, -4*s + 3008 = -4*q - q. Is s prime?
True
Suppose -40 = -u + 3*i + 2*i, 4*u - 4*i - 96 = 0. Suppose -q = q - u. Is q prime?
False
Let z(m) = -16*m - 5. Let n(q) = -q + 1. Let r be n(5). Is z(r) prime?
True
Suppose 1 = i + 4. Let t be 0/(-2 - -1) - i. Suppose 0*s - t*s = -153. Is s a composite number?
True
Suppose 2*p - 223 = 141. Let x = 419 - p. Is x a prime number?
False
Let k be 7 + (-3 - -3) + 0. Let f = k - 5. Is (f - (-5)/(-2))*-238 a composite number?
True
Suppose 1 = -x - 7. Let q = x - -5. Is q/3*-9*1 a prime number?
False
Let v(u) = -u + 2. Let t(a) = a**3 - 4*a**2 - 8*a + 5. Let j be t(5). Let z be v(j). Let n = z + -5. Is n composite?
False
Let k = 10 - 16. Let s be -2 - ((3 - 0) + k). Is (s + 56/3)*3 prime?
True
Let w = 5 + 9. Let z(n) = 3 + 3 - 5 - 3*n + w*n**2 + n. Is z(1) prime?
True
Let y = 486 + 2183. Is y a prime number?
False
Is (-2220)/(-14) + (-33)/(-77) a composite number?
True
Let m = 944 + -237. Is m prime?
False
Suppose -6*m = -4*m + 280. Let o = m + 273. Is o a prime number?
False
Suppose -q = 2 - 0. Let r(m) = -7*m + 4. Let f(k) = 7*k - 3. Let h(t) = -7*f(t) - 6*r(t). Is h(q) prime?
True
Let u = -5 - -1. Let w be ((-2)/3)/(u/1338). Suppose -83 + w = 4*b. Is b composite?
True
Let q(j) = j**3 + 5*j**2 - 8*j. Let t be q(-6). Suppose -t - 1 = -p. Is p a prime number?
True
Let r(f) = -38*f - 9. Is r(-6) a prime number?
False
Let g = -67 - -554. Is g a composite number?
False
Let b = -3 + 7. Suppose 5*n + 46 - 378 = -v, 3*n - 194 = 2*v. Suppose -b*q + 10 = -n. Is q a composite number?
False
Is 1*2*((-5052)/(-8) - 4) prime?
False
Let o(u) be the first derivative of -u**4/4 - 5*u**3/3 - 3*u**2 - 5*u + 3. Let z be o(-4). Suppose -z*n = 3*i - 33, -4*n = i - 14 - 9. Is i prime?
True
Suppose 5*u = 2*a + 5577, u + a - 1105 = 4*a. Is u a composite number?
False
Let k(l) = -l**2 - 2*l - 1. Let v be k(-1). Suppose v = 3*u + 2*u. Suppose u = -4*b + b + 105. Is b composite?
True
Let x(r) = -r**3 - 4*r**2 - 2*r + 3. Let c be x(-3). Is (-232 + 15)/(c + -1) composite?
True
Let d(z) = z**3 + 2*z**2 - 5*z - 4. Let c(y) = -y. Let x be c(3). Let s be d(x). Suppose 34 = w + g, -2*w - s*g + 67 = -g. Is w prime?
False
Is 674/(-4)*6/15*-5 a prime number?
True
Let t(u) = -u**3 + 5*u**2 - 2*u - 1. Is t(4) a composite number?
False
Suppose 2 = 2*b - 4*n, -2*n + 6 = 2*b - 2. Let w(y) = -y**2 + 4*y - 3. Let i be w(b). Suppose 2*d + 6 = i, -2*d - 3*d = 3*v - 150. Is v prime?
False
Let g(o) be the third derivative of o**6/90 - o**5/30 + o**4/24 - o**3/6 - 3*o**2. Let t(p) be the first derivative of g(p). Is t(4) prime?
False
Is (6805/15)/(2/6) prime?
True
Let l(u) be the third derivative of u**5/60 - u**4/6 + u**3/2 + 3*u**2. Is l(8) prime?
False
Suppose 5*x - 7*x = -38. Is x a prime number?
True
Is 154 + -2 + 2 + 1 composite?
True
Let t(n) = n**2 - 3*n - 8. Let p be t(7). Suppose -3*m + p = -1. Is m a composite number?
False
Is (30 + 1)/(1 + 0) composite?
False
Suppose j + 5*b + 2 = 0, 11 = 3*j + 2*j + 4*b. Let d = -1 + 79. Suppose -6*s = -3*s + 3*w - d, -j*w + 16 = s. Is s a prime number?
True
Suppose 7*l - 3*l + 4*y - 112 = 0, 5*l - 100 = 3*y. Let q = 13 - l. Let u(p) = -11*p + 5. Is u(q) composite?
True
Suppose -4*i + 2*k = -9676, i = 2*k - 4*k + 2419. Is i a prime number?
False
Suppose 0*d + 2*d = -2*g + 10, 4*d - 65 = 5*g. Is d/(-55) - (-1245)/11 a prime number?
True
Is ((-3654)/9)/(2 - 4) a prime number?
False
Suppose -2*m = k - 510, 0 = 5*m - 5*k + 776 - 2021. Is m prime?
False
Let y = 7 + -12. Let p(z) = -2*z**3 + 3*z**2 - z + 1. Is p(y) prime?
True
Let u = -3 - -6. Suppose -4*n - 4*a + 0*a + 220 = 0, -u*a = -4*n + 206. Is n a compos